{"id":487,"date":"2026-01-04T15:30:51","date_gmt":"2026-01-04T15:30:51","guid":{"rendered":"https:\/\/pohjoinen.harrasterallisarja.fi\/?page_id=487"},"modified":"2026-02-22T09:59:08","modified_gmt":"2026-02-22T09:59:08","slug":"pistetilanne-2","status":"publish","type":"page","link":"https:\/\/pohjoinen.harrasterallisarja.fi\/index.php\/pistetilanne-2\/","title":{"rendered":"Pistetilanne"},"content":{"rendered":"\n<p>Pistetilanne avautuu PDF-tiedostona <a href=\"https:\/\/pohjoinen.harrasterallisarja.fi\/wp-content\/uploads\/2026\/02\/pistetilanne2026-3.pdf\" target=\"_blank\" rel=\"noreferrer noopener\">T\u00c4ST\u00c4 LINKIST\u00c4<\/a>!<\/p>\n\n\n\n<p><\/p>\n","protected":false},"excerpt":{"rendered":"<p>Pistetilanne avautuu PDF-tiedostona T\u00c4ST\u00c4 LINKIST\u00c4!<\/p>\n","protected":false},"author":1,"featured_media":0,"parent":0,"menu_order":0,"comment_status":"closed","ping_status":"closed","template":"","meta":{"footnotes":""},"class_list":["post-487","page","type-page","status-publish","hentry"],"_links":{"self":[{"href":"https:\/\/pohjoinen.harrasterallisarja.fi\/index.php\/wp-json\/wp\/v2\/pages\/487","targetHints":{"allow":["GET"]}}],"collection":[{"href":"https:\/\/pohjoinen.harrasterallisarja.fi\/index.php\/wp-json\/wp\/v2\/pages"}],"about":[{"href":"https:\/\/pohjoinen.harrasterallisarja.fi\/index.php\/wp-json\/wp\/v2\/types\/page"}],"author":[{"embeddable":true,"href":"https:\/\/pohjoinen.harrasterallisarja.fi\/index.php\/wp-json\/wp\/v2\/users\/1"}],"replies":[{"embeddable":true,"href":"https:\/\/pohjoinen.harrasterallisarja.fi\/index.php\/wp-json\/wp\/v2\/comments?post=487"}],"version-history":[{"count":4,"href":"https:\/\/pohjoinen.harrasterallisarja.fi\/index.php\/wp-json\/wp\/v2\/pages\/487\/revisions"}],"predecessor-version":[{"id":497,"href":"https:\/\/pohjoinen.harrasterallisarja.fi\/index.php\/wp-json\/wp\/v2\/pages\/487\/revisions\/497"}],"wp:attachment":[{"href":"https:\/\/pohjoinen.harrasterallisarja.fi\/index.php\/wp-json\/wp\/v2\/media?parent=487"}],"curies":[{"name":"wp","href":"https:\/\/api.w.org\/{rel}","templated":true}]}}